) - -20. What is the greatest common divisor of u and r?
13
Suppose -5*a + h - 7 + 72 = 0, 2*a + 5*h - 53 = 0. Calculate the greatest common divisor of a and 70.
14
Let m = 32 - -59. Calculate the greatest common factor of 13 and m.
13
Suppose -2*r - 22 + 76 = 0. Calculate the highest common factor of r and 243.
27
Let y(m) = -m**3 - 11*m**2 + 11*m + 16. Let s be y(-12). What is the highest common factor of 196 and s?
28
Suppose -19 = -3*a - 7. Suppose -v = 3*v - a*i - 56, -4*v + 3*i = -58. What is the greatest common divisor of 4 and v?
4
Let y be (-1 + 3 + -5)/(-1). Suppose 5*i - 85 = -3*r + i, 4*i = y*r - 101. What is the greatest common factor of 93 and r?
31
Let p = -9 - -13. Let n be 1 - 0/p - -5. What is the highest common divisor of n and 6?
6
Let c = -113 - -168. What is the greatest common factor of c and 33?
11
Let n(p) = -4*p - 5. Let l be n(-2). Calculate the highest common factor of 15 and l.
3
Suppose 3*p = -p + 80. Suppose 0 = 4*n - 0*n - p. Suppose 5*q = n + 5. What is the greatest common divisor of 2 and q?
2
Let o be 4/24 + (-334)/(-12). What is the highest common divisor of o and 42?
14
Let n(o) = 3*o - 16. Let h be n(7). Calculate the highest common divisor of 45 and h.
5
Let c be 632/15 - (-4)/(-30). Calculate the greatest common factor of c and 7.
7
Let o(x) = -x**2 + 2 - 1 + 12*x**2. Suppose -4*j - 7 = -3*u, 3*j + 7 = -0*j + 4*u. Let c be o(j). Calculate the highest common factor of 108 and c.
12
Let h be 15/(-2)*(-24)/5. Calculate the highest common divisor of h and 24.
12
Suppose 37 = -4*f + 9. Suppose 0*y = -5*y - 25. Let m = y - f. What is the highest common factor of m and 2?
2
Let s(n) = n**2 + 7*n - 8. Let t be s(-9). Suppose -3 = -p + 17. Calculate the highest common divisor of p and t.
10
Let c(z) = -z**3 + 5*z**2 + z + 6. Let o be 0 - -5*(-1 + 2). Let v be c(o). Let k = 0 - -1. Calculate the greatest common divisor of v and k.
1
Let n = -3 + 10. Suppose 0 = 6*p + 86 - 128. Calculate the highest common divisor of p and n.
7
Suppose g = -2*h + 179 - 4, 5*g = -h + 110. Calculate the highest common factor of 34 and h.
17
Suppose 33*y = 34*y - 12. Calculate the highest common divisor of 48 and y.
12
Let t be (-1)/4 - 84/(-16). Suppose 10*w + 3*c = 5*w + 44, t*w + 4*c = 47. What is the highest common divisor of 7 and w?
7
Let u be -1 + (0 - (2 - 2)). Let o = u + 11. What is the highest common factor of 80 and o?
10
Let t(c) = 3*c**2 - 1 + 3*c + 0*c - c. Let o be t(1). Suppose -o*m + 3*d + 36 = 0, -m + 3*m - d - 20 = 0. Calculate the highest common factor of 60 and m.
12
Let n = 200 - 184. Calculate the greatest common divisor of 16 and n.
16
Let c be (108/2)/(4/6). Suppose 64*g = 59*g + 45. What is the highest common factor of g and c?
9
Let n(a) = a**2 + a + 6. Let h be n(-3). Calculate the greatest common divisor of 36 and h.
12
Suppose -14*p = -11*p - 435. What is the greatest common divisor of 29 and p?
29
Let o be (10/4)/(1/10). Calculate the greatest common factor of o and 10.
5
Suppose p + 3*p + 156 = 0. Let n = p + 134. What is the greatest common factor of 38 and n?
19
Let q be (-2)/(-4) - 193/2. Let p = q - -176. Let u = p - 53. Calculate the greatest common divisor of 18 and u.
9
Let t = 7 + -2. Let y be (-3 + 1)*15/(-6). What is the highest common factor of t and y?
5
Let d = -18 + 36. Suppose 2*i = -3*n - 2, -5*n + 2 = -2*i + 16. What is the highest common divisor of i and d?
2
Let i = -31 + 42. What is the highest common divisor of i and 55?
11
Suppose -3*i = -b + 6, b = -3*i + 32 - 8. Let l = -6 + 10. Suppose l*n + n = b. What is the highest common factor of n and 12?
3
Suppose -4*j + 89 = c, -2*j + c + 2*c + 41 = 0. Calculate the greatest common divisor of 2 and j.
2
Let l = -4 - -7. Suppose -2*g - d + 2 + 4 = 0, -5*g = -l*d - 37. Calculate the greatest common divisor of 55 and g.
5
Let s(t) = 5*t**2. Let n be s(1). Suppose -5*h + 33 = 8. What is the greatest common factor of n and h?
5
Suppose -3*q = 3*z + 3, -2*z + 3*z + 1 = 5*q. Suppose -2*c + q*c = 0. Suppose 0 = -c*h + h - 3. Calculate the greatest common factor of 24 and h.
3
Suppose 3*n = -5*i + 124 + 1, -2*n - 3*i = -84. What is the highest common factor of n and 5?
5
Let a(f) = -19*f**3 + f**2 + f + 1. Let l be a(-1). Suppose 15*k - 17*k + l = 0. Calculate the greatest common divisor of k and 30.
10
Let b be (-12)/((-16)/(-12) - 2). Suppose -5*z + b = -3*k + 56, -3*z = 12. What is the highest common factor of k and 30?
6
Suppose 4*l = 4*w - 61 + 233, 4*l + 3*w = 151. Calculate the greatest common factor of l and 16.
8
Let y(m) = m**3 + 7*m**2 - 6*m - 6. Let q be y(-7). Let z = -15 + q. Calculate the highest common factor of z and 7.
7
Let u(k) = k**2 - 2*k + 4. Let y be u(4). Let i be (-3)/(6/4) - -8. Suppose -i = -w + 24. What is the highest common factor of y and w?
6
Suppose -2*y + 272 = 2*y + 5*a, 2*y = -4*a + 130. Let g = y + -37. What is the highest common factor of g and 24?
12
Suppose 4 = -0*r + 2*r. Calculate the greatest common divisor of 8 and r.
2
Let r be (-1)/3 + 238/(-6). Let c = r - -81. Suppose 3*p = -z + c, -2*p = 2*z - 45 - 25. Calculate the highest common divisor of 8 and z.
8
Suppose t + 9 - 1 = -5*f, -t = f. Let b be 865/35 - t/(-7). Let n = -4 + b. What is the highest common divisor of 147 and n?
21
Let x(k) = 4*k**2 + 2 - 1 - 6*k**2 - k**2 - k**3. Let g be x(-3). Calculate the greatest common factor of g and 1.
1
Suppose -5*j + 0*j - 4*c + 62 = 0, 2*j - 35 = -5*c. Suppose 0 = 2*z + z - 30. Calculate the highest common factor of j and z.
10
Suppose -6*n + 935 = -n. Calculate the greatest common divisor of n and 17.
17
Suppose 4*n - 10 = 2*n. Suppose -n*q - 2*a + 3*a + 113 = 0, 2*q - 41 = -a. Calculate the highest common factor of q and 33.
11
Let f = 12 - 13. Let t = 5 - f. Calculate the greatest common factor of t and 12.
6
Suppose 3*s + t + 43 = 6*s, 0 = -5*t - 5. Let b = 44 + 10. Let n be 120/b - (-2)/(-9). What is the greatest common factor of n and s?
2
Let h = 37 + -16. Let c = -21 - -28. Calculate the greatest common divisor of c and h.
7
Let f = 65 - 21. Calculate the greatest common factor of 4 and f.
4
Suppose 0 = 4*x - 2*i - 22, -x + 0*x + 4 = i. Let z be 2/x - (-190)/25. What is the highest common divisor of z and 24?
8
Let n be 13 - 3/(2 + 1). Suppose 2*u - 3*z - 3 = 6, 0 = -2*u + z + 19. Calculate the greatest common factor of u and n.
12
Let n be (-300)/(-36) + (-1)/3. Let r = n + 8. Let f = 0 + 4. What is the highest common factor of f and r?
4
Let v = 64 + -39. Suppose -v - 7 = -4*n. What is the greatest common factor of n and 1?
1
Suppose 16*z - 572 = 14*z. What is the greatest common divisor of 26 and z?
26
Let o(r) = -r**3 - 8*r**2 - 3*r + 4. Let z be o(-8). Let h = 4 - 1. Suppose 0 = p - 2*x, 5*p = -h*x + 2*x + 22. Calculate the greatest common factor of p and z.
4
Suppose -4*o - 5 = -5*o. Let w be (-5)/(o/(-2))*4. What is the highest common divisor of w and 72?
8
Let p = -124 + 134. What is the greatest common factor of p and 230?
10
Let r(o) = -6*o**3 + 3*o + 1. Let z(w) = -w**3 + w**2 - 1. Let i(j) = r(j) - 5*z(j). Let g be i(-6). What is the highest common factor of 72 and g?
24
Let z(q) = -145*q**2 + 1. Let o be z(1). Let a = 241 + o. Suppose 0 = 4*l - 4*v - 3 - 153, -2*v + a = 3*l. What is the highest common factor of l and 14?
7
Let j be ((-9)/12*-4)/((-6)/(-4)). Calculate the greatest common divisor of j and 4.
2
Let n = 5 - 1. Suppose 0 = 5*y + y - 66. Suppose n*h - l = 7, 4*l - y = 3*h - 0. What is the greatest common divisor of 1 and h?
1
Let f = 15 - 13. Suppose f*s = 6*s - 36. Suppose 14 = c + 2*o, -2*c + 3*o = 2*o - 8. Calculate the greatest common divisor of s and c.
3
Suppose 3*l = -4*b + 65, -l + 31 = -5*b + 136. What is the greatest common divisor of b and 220?
20
Let x(u) = u**3 + u**2 - 1. Let b(t) = -5*t**3 - t + 12. Let h(n) = b(n) + 6*x(n). Let w be h(-6). Calculate the highest common factor of 4 and w.
4
Let b = 1 + 4. Let g = b - -1. What is the highest common factor of 12 and g?
6
Let s(y) = 2*y - 5. Let l be s(-5). Let c = 10 - 17. Let o = c - l. What is the highest common divisor of o and 64?
8
Let w = 4 - -1. Calculate the highest common factor of 10 and w.
5
Let i(g) = -g**2 - 14*g - 10. Let t be i(-13). Suppose -53 = -t*y + 31. What is the highest common divisor 